 to base 15
c
-2 (base 8) to base 13
-2
What is -15 (base 12) in base 9?
-18
-ad (base 16) to base 8
-255
-2 (base 11) to base 8
-2
Convert 2 (base 6) to base 4.
2
What is -129 (base 11) in base 14?
-ac
Convert 11 (base 5) to base 15.
6
7 (base 10) to base 12
7
Convert 14 (base 12) to base 6.
24
-12 (base 13) to base 9
-16
What is -20 (base 13) in base 9?
-28
What is -511 (base 7) in base 15?
-11d
11 (base 13) to base 15
e
Convert -16 (base 10) to base 14.
-12
Convert -37 (base 15) to base 13.
-40
Convert -14 (base 10) to base 15.
-e
What is 1141 (base 5) in base 14?
c3
What is 12 (base 9) in base 5?
21
What is -5 (base 11) in base 2?
-101
3 (base 10) to base 2
11
What is 3 (base 6) in base 2?
11
What is 52 (base 9) in base 11?
43
Convert 0 (base 13) to base 7.
0
Convert 11110 (base 2) to base 13.
24
What is -4 (base 10) in base 2?
-100
What is 0 (base 12) in base 3?
0
22 (base 3) to base 15
8
Convert -b (base 12) to base 7.
-14
Convert a0 (base 12) to base 14.
88
4 (base 11) to base 8
4
What is 2 (base 14) in base 12?
2
What is -2 (base 4) in base 3?
-2
Convert -1 (base 6) to base 3.
-1
-2040 (base 5) to base 10
-270
What is d2 (base 14) in base 11?
158
Convert -c (base 14) to base 4.
-30
Convert -350 (base 7) to base 6.
-502
Convert -2 (base 12) to base 16.
-2
Convert -1433 (base 6) to base 13.
-234
What is -34 (base 8) in base 2?
-11100
-223 (base 9) to base 7
-351
Convert b (base 12) to base 9.
12
Convert 100100 (base 2) to base 5.
121
Convert 230 (base 5) to base 14.
49
Convert 0 (base 8) to base 4.
0
-25 (base 8) to base 11
-1a
Convert 4 (base 13) to base 7.
4
Convert 5 (base 13) to base 3.
12
8 (base 16) to base 15
8
What is 40 (base 10) in base 2?
101000
Convert 42 (base 14) to base 5.
213
Convert -10 (base 6) to base 3.
-20
0 (base 15) to base 5
0
Convert -120 (base 12) to base 16.
-a8
What is 115 (base 11) in base 10?
137
14 (base 13) to base 6
25
116 (base 7) to base 6
142
What is 25 (base 15) in base 3?
1022
4 (base 16) to base 5
4
Convert 41 (base 6) to base 7.
34
What is 23 (base 6) in base 4?
33
What is 2 (base 8) in base 6?
2
What is -3 (base 10) in base 11?
-3
188 (base 13) to base 16
119
-1 (base 16) to base 4
-1
What is -100001 (base 2) in base 12?
-29
What is -9 (base 11) in base 5?
-14
3 (base 4) to base 3
10
-118 (base 12) to base 5
-1124
What is -10 (base 9) in base 5?
-14
Convert -114 (base 10) to base 3.
-11020
What is -7 (base 16) in base 10?
-7
7 (base 14) to base 11
7
Convert -77 (base 9) to base 5.
-240
Convert 22 (base 5) to base 10.
12
What is 12 (base 7) in base 14?
9
-351 (base 8) to base 3
-22122
Convert -275 (base 10) to base 14.
-159
Convert -5 (base 9) to base 13.
-5
Convert 0 (base 9) to base 11.
0
12 (base 5) to base 12
7
-11 (base 7) to base 12
-8
What is -134 (base 16) in base 12?
-218
Convert -19 (base 15) to base 7.
-33
Convert -4 (base 5) to base 15.
-4
-1 (base 8) to base 16
-1
-102 (base 3) to base 7
-14
Convert -eb (base 15) to base 10.
-221
What is 5 (base 11) in base 9?
5
201 (base 3) to base 11
18
What is 213 (base 4) in base 2?
100111
What is 10 (base 3) in base 10?
3
What is -20 (base 3) in base 2?
-110
Convert 47 (base 9) to base 10.
43
What is 204 (base 5) in base 8?
66
What is a (base 14) in base 15?
a
-10 (base 11) to base 7
-14
Convert 115 (base 8) to base 10.
77
What is -10 (base 2) in base 12?
-2
1 (base 3) to base 2
1
-3 (base 6) to base 7
-3
Convert -100110000 (base 2) to base 13.
-1a5
Convert -1 (base 9) to base 15.
-1
What is -83 (base 14) in base 7?
-223
Convert 11010100 (base 2) to base 4.
3110
11000 (base 2) to base 7
33
What is 68 (base 14) in base 13?
71
-272 (base 12) to base 8
-566
What is 1 (base 10) in base 6?
1
-243 (base 5) to base 14
-53
56 (base 16) to base 4
1112
Convert -7 (base 11) to base 8.
-7
Convert 41 (base 5) to base 11.
1a
Convert -20 (base 3) to base 8.
-6
-23 (base 6) to base 4
-33
What is -38 (base 12) in base 16?
-2c
What is 18 (base 11) in base 5?
34
-2020 (base 4) to base 8
-210
What is 10 (base 11) in base 16?
b
Convert 3 (base 12) to base 5.
3
What is 101 (base 6) in base 12?
31
Convert 111011 (base 2) to base 6.
135
0 (base 4) to base 2
0
What is -8 (base 14) in base 4?
-20
What is 1e (base 15) in base 10?
29
-4 (base 14) to base 8
-4
8 (base 15) to base 16
8
What is -26 (base 7) in base 16?
-14
Convert -3 (base 10) to base 6.
-3
21 (base 4) to base 12
9
Convert 210 (base 3) to base 5.
41
-1002 (base 4) to base 9
-73
What is -1403 (base 5) in base 11?
-198
Convert 35 (base 9) to base 3.
1012
-200 (base 9) to base 7
-321
What is 30 (base 7) in base 2?
10101
Convert 42 (base 9) to base 8.
46
33 (base 4) to base 7
21
Convert -6 (base 13) to base 9.
-6
Convert 3 (base 6) to base 4.
3
-3c (base 14) to base 3
-2000
0 (base 2) to base 9
0
-45 (base 6) to base 3
-1002
Convert -1011 (base 4) to base 9.
-76
-48 (base 12) to base 5
-211
What is -82 (base 10) in base 15?
-57
Convert -3 (base 13) to base 9.
-3
Convert -103 (base 6) to base 8.
-47
1 (base 4) to base 8
1
Convert -20222 (base 3) to base 15.
-c8
-27 (base 12) to base 16
-1f
Convert 19a (base 11) to base 15.
105
What is 3 (base 16) in base 14?
3
Convert -c (base 14) to base 2.
-1100
Convert -2 (base 12) to base 10.
-2
47 (base 10) to base 15
32
1 (base 3) to base 5
1
What is 1 (base 11) in base 15?
1
Convert -3 (base 11) to base 3.
-10
-2 (base 5) to base 9
-2
What is -b (base 15) in base 8?
-13
What is 0 (base 16) in base 6?
0
1a5 (base 12) to base 9
328
What is 16 (base 9) in base 12?
13
Convert 30 (base 5) to base 8.
17
25 (base 10) to base 5
100
What is 0 (base 13) in base 16?
0
What is 4 (base 11) in base 7?
4
Convert -2 (base 5) to base 3.
-2
What is -50 (base 8) in base 9?
-44
What is -44 (base 6) in base 12?
-24
What is -1d (base 14) in base 12?
-23
2 (base 8) to base 2
10
-3 (base 4) to base 9
-3
4 (base 15) to base 14
4
2 (base 11) to base 7
2
What is 7 (base 16) in base 10?
7
What is -16 (base 7) in base 12?
-11
36 (base 15) to base 3
1220
What is -4 (base 16) in base 6?
-4
0 (base 13) to base 9
0
What is -5b (base 15) in base 6?
-222
Convert 22 (base 5) to base 12.
10
0 (base 10) to base 7
0
2 (base 4) to base 3
2
Convert 1 (base 5) to base 14.
1
-31 (base 12) to base 10
-37
What is 0 (base 2) in base 13?
0
What is 111100 (base 2) in base 12?
50
What is 4 (base 6) in base 9?
4
Convert -6a (base 12) to base 5.
-312
What is -3 (base 6) in base 5?
-3
Convert 3 (base 5) to base 14.
3
Convert 3 (base 5) to base 16.
3
1 (base 13) to base 12
1
-1101 (base 2) to base 14
-d
Convert -151 (base 15) to base 9.
-364
What is 6 (base 8) in base 11?
6
Convert -9 (base 16) to base 4.
-21
Convert 1 (base 11) to base 6.
1
-2 (base 4) to base 3
-2
c (base 13) to base 7
15
-1bd (base 14) to base 7
-1026
-1 (base 6) to base 12
-1
-34 (base 10) to base 16
-22
What is 2 (base 15) in base 2?
10
1b5 (base 13) to base 8
475
What is 3 (base 13) in base 8?
3
Convert 1010101 (base 2) to base 7.
151
13 (base 10) to base 5
23
What is 4 (base 9) in base 10?
4
-1 (base 11) to base 14
-1
What is 5 (base 14) in base 3?
12
0 (base 2) to base 12
0
-4 (base 15) to base 5
-4
-100 (base 2) to base 15
-4
Convert -21 (base 12) to base 8.
-31
Convert 7 (base 8) to base 3.
21
-22 (base 16) to base 11
-31
43 (base 6) to base 9
30
4 (base 9) to base 3
11
What is -92 (base 16) in base 7?
-266
What is -26 (base 8) in base 6?
-34
31 (base 9) to base 13
22
Convert -20122 (base 3) to base 9.
-218
Convert -23 (base 13) to base 10.
-29
What is 40 (base 7) in base 11?
26
Convert -d (base 14) to base 9.
-14
What is -11 (base 6) in base 16?
-7
3 (base 16) to base 9
3
-19 (base 13) to base 8
-26
Convert b5 (base 15) to base 11.
145
What is 11 (base 2) in base 3?
10
1 (base 6) to base 14
1
What is 11 (base 14) in base 9?
16
Convert -1 (base 10) to base 7.
-1
What is -ab (base 14) in base 2?
-10010111
What is -77 (base 14) in base 13?
-81
What is -11 (base 11) in base 3?
-110
What is 1 (base 5) in base 8?
1
-14 (base 6) to base 5
-20
What is 23 (base 14) in base 12?
27
What is -5 (base 7) in base 9?
-5
What is -56 (base 8) in base 10?
-46
What is 3 (base 9) in base 7?
3
-35 (base 11) to base 8
-46
-24 (base 7) to base 3
-200
Convert -211 (base 4) to base 6.
-101
Convert 3 (base 14) to base 12.
3
Convert -1001100 (base 2) to base 6.
-204
10 (ba